 b(x). What is the greatest common divisor of 21 and i?
21
Suppose 67 - 77 = -5*y. Suppose -d - 3 = -5*o, 0 = -0*d + 5*d + y*o - 120. What is the greatest common divisor of d and 66?
22
Suppose 39*k - 9880 = 13*k. Calculate the highest common divisor of 15 and k.
5
Suppose -17 = -3*q + 4*j, -2*j + 0 = 10. Let i be 2/(q/38*-4). What is the highest common divisor of 76 and i?
19
Let g = 770 + -429. What is the highest common factor of 31 and g?
31
Suppose -9*q + 7*q = -388. Suppose -118 = -8*y + q. What is the highest common divisor of 26 and y?
13
Let n(k) = k**3 + 3*k**2 + 7*k - 10. Let w be n(3). What is the highest common factor of w and 55?
5
Let d(n) = 35*n**2 - 3*n + 1. Let o = 0 + 1. Let c be o + -3 + (-2 - -6). Let l be d(c). What is the highest common divisor of 15 and l?
15
Suppose 4*q = 5*q + 9. Let u be ((-3)/q)/((-3)/(-162)). Calculate the highest common factor of u and 126.
18
Let l be (-6)/(4/((-496)/6)). Suppose 0 = -3*s - c + l - 9, -135 = -3*s + 3*c. Suppose 4 = 2*a - s. Calculate the highest common divisor of a and 33.
11
Let u(x) = x**3 + 4*x**2 - 5*x - 8. Suppose -4*k + 4 + 36 = 0. Let f be 153/(-45) + (-6)/k. Let c be u(f). What is the highest common divisor of 30 and c?
6
Suppose 85*q = 89*q - 2124. What is the highest common factor of 59 and q?
59
Suppose -3*w = -0*w - 126. Suppose 4*b - w = 770. Calculate the greatest common factor of 29 and b.
29
Let v(x) = 6*x**2 - 14*x - 33. Let s be v(-4). What is the greatest common divisor of s and 17?
17
Suppose -55*n + 1200 = -40*n. What is the greatest common divisor of 30 and n?
10
Suppose 0*s + 45 = 3*s. Let j(g) = -g**3 + g**2 + 16. Let u be j(0). Let p be (-4)/(u/(-12)) - -3. What is the highest common divisor of p and s?
3
Suppose -7*z = 107 - 219. Calculate the greatest common divisor of z and 1936.
16
Suppose -7*b + 4*b + 6 = 0. Suppose 0*n - b*n + 2 = 0. Let x(j) = 17*j**3 - 2*j**2 - j + 2. Let d be x(n). Calculate the greatest common divisor of 112 and d.
16
Let m be (0 - -5) + (-1)/(-1). Let t = 9003 - 8995. What is the greatest common factor of t and m?
2
Suppose 4*d + 518 = 3*f - 12, 5*d - 5 = 0. What is the greatest common factor of 1157 and f?
89
Suppose 4*i - 4*j - 228 = 0, -3*j = 2 + 1. Suppose a - 4*a + 84 = 0. Suppose -5*m = -7*m + a. What is the greatest common divisor of m and i?
14
Suppose -132 = -9*r + 66. What is the greatest common factor of r and 154?
22
Let h be (-8)/(-5)*(-27 + 47). What is the greatest common divisor of 48 and h?
16
Suppose -r + 3*r + 20 = 4*z, z - 27 = -5*r. Suppose 11*i - 441 = -19*i + 21*i. Calculate the greatest common divisor of z and i.
7
Let f be (5 - 11)*-225 + 0 + 0. What is the greatest common factor of 54 and f?
54
Let g = -126 + 190. Let o be (1 + (-2)/(-4))*g/12. Let j(m) = m - 5. Let r be j(6). Calculate the greatest common factor of o and r.
1
Let w(z) = 22*z**2 - 2*z + 27. Let g be w(4). What is the highest common divisor of 159 and g?
53
Suppose 0 = 3*g - 1451 - 133. What is the greatest common factor of g and 66?
66
Let w = -793 - -969. What is the highest common factor of w and 11?
11
Suppose -1304 + 784 = -4*y. What is the greatest common factor of 104 and y?
26
Suppose 0 = b - 5, -4*m + 2*b - 7*b = -93. What is the highest common factor of m and 2091?
17
Let u(r) = r**2 - 50. Let o be u(8). What is the greatest common divisor of o and 322?
14
Let c(d) = -d + 1. Let s be c(1). Suppose s = -6*y + 23 + 13. Let m be 26/y + 8/12. Calculate the greatest common divisor of 40 and m.
5
Suppose 130 = 9*a - 2354. Calculate the highest common factor of 48 and a.
12
Let n be (-6)/(-27) - 58/18. Let s be n + (0 - 0) - -36. Let f = -27 + s. Calculate the greatest common factor of 4 and f.
2
Suppose 80 - 17 = 2*v + t, -2*t - 122 = -4*v. Calculate the highest common factor of v and 899.
31
Let c be 30/(-18)*(-5)/((-10)/(-6)). Calculate the greatest common divisor of 155 and c.
5
Suppose -67*a = -64*a - 528. Calculate the highest common divisor of 11 and a.
11
Let a = 22 + -21. Let h be a*15 + 10/(-10) - -1. Calculate the greatest common divisor of h and 20.
5
Suppose 0 = u + u + 8, 7 = 5*a - 3*u. Let f be (-20)/6*4/(-20)*-6. Let z = a - f. Calculate the highest common factor of z and 6.
3
Let g = 572 + -551. What is the greatest common factor of 56 and g?
7
Let o = 9 - 9. Let u = 14 + o. Suppose g = -g + u. What is the highest common factor of 7 and g?
7
Let h = 104 + 168. Calculate the greatest common divisor of h and 48.
16
Let v be 16 + -12 + 6*10. What is the highest common factor of v and 2?
2
Suppose -70 = 8*m + 10. Let w be (-2)/(-4) + (-65)/m. Calculate the highest common divisor of w and 14.
7
Suppose 2*m - w - 25 = 0, -m - 3*w = w - 8. Suppose m*n - 243 = 3*n. What is the highest common factor of 135 and n?
27
Suppose 0 = 3*b - 13 + 1. Let y(s) = 2*s**3 + s**2 - 3*s**2 + 2*s**2 + 2*s - b. Let u be y(2). What is the highest common factor of 16 and u?
16
Let b be 123/6 + (-1)/(-2). Let i(o) = -o**3 - 2*o**2 - 1. Let v be i(-2). Let h be (v - -1) + 63 - 0. Calculate the greatest common divisor of b and h.
21
Suppose 3*v - 59 = 4*b, -5*v - 3*b + 4*b + 87 = 0. Let h be -4 + v - 2/1. What is the greatest common divisor of 55 and h?
11
Let v = 3 - 7. Let x be 26*1/(-3 - v). What is the highest common factor of x and 39?
13
Suppose 34*d - 38*d + 1584 = 0. Suppose -d = -3*p + 66. What is the highest common divisor of 14 and p?
14
Let x = 744 - 695. Calculate the highest common factor of 98 and x.
49
Let t = 463 + -72. Calculate the highest common factor of 51 and t.
17
Suppose 4*m + 8*f - 3*f - 73 = 0, 66 = 4*m - 2*f. Calculate the greatest common factor of 187 and m.
17
Suppose u = -3*n - 0*u + 9, u = 3*n - 9. Let a = 0 - n. Let r be -24*(4/a + 0). Calculate the greatest common divisor of 96 and r.
32
Let g(f) = -f**3 - 10*f**2 - 16*f - 2. Let b be g(-8). Let s be b + (-4 - -10) - -8. What is the highest common divisor of 12 and s?
12
Let b be 4965/10 - 1/2 - 0. What is the greatest common divisor of 93 and b?
31
Let c = 238 + -216. Calculate the highest common divisor of c and 55.
11
Let p = 1 + 16. Let y be ((-1)/(-2))/((-13)/78). Let d = p + y. Calculate the greatest common factor of 35 and d.
7
Let s(q) = -q**2 + 7*q + 2. Let t be s(11). Let n = t - -142. Suppose -3*m + 129 = 2*u - 5*u, 3*m + u = 117. Calculate the highest common factor of m and n.
20
Let h(s) = 9*s**3 + 2*s**2 + s + 1. Let c be h(2). Let u = c - 58. What is the greatest common factor of u and 10?
5
Let v be (-4 - -1) + -2 + 6. Suppose -4*h = h + 175. Let t be h/(-25) + (-4)/10. Calculate the highest common factor of v and t.
1
Let x be -206*6/(-12) + -4 + -1. What is the highest common divisor of x and 245?
49
Let t be (-4 - (-22 + 4))*1. Let v be (4/t)/(4/28). What is the greatest common divisor of 1 and v?
1
Let x(d) = d**3 + 12*d**2 + 14*d + 24. Let z be x(-10). Let v = 11 - 6. Suppose 17 = h + v. Calculate the greatest common divisor of h and z.
12
Let k be (20/(-4))/((-3)/9). Let z = -51 - -54. What is the highest common divisor of z and k?
3
Suppose 3*n - 43 = -5*b, 5*n - 4*n = -4*b + 33. Let z = 2863 + -2855. Calculate the greatest common divisor of z and b.
8
Suppose 9*q - 412 - 164 = 0. Calculate the greatest common factor of 80 and q.
16
Let t be (41 - 24 - 15)*10/4. Suppose -438 = j - 132. Let c be j/(-15) - 4/10. Calculate the highest common factor of t and c.
5
Let f(h) = 2*h**3 - 7*h**2 - 5*h + 5. Let j be f(5). Let z be -4*j/(-20) + 1. What is the greatest common divisor of z and 4?
4
Let l = 25 + 140. Calculate the highest common divisor of l and 33.
33
Let i be -1 - 15/(-25) - (-386)/(-10). Let r = i - -44. What is the highest common divisor of 5 and r?
5
Let j be ((-492)/(-410))/(201/(-210) + 1). Calculate the greatest common divisor of j and 28.
28
Suppose -5*o = 5*v - 135, 0 = -4*v + 4*o + 27 + 73. What is the highest common factor of 1 and v?
1
Let g(j) = -j + 7. Let x be g(5). Let a be 224/119 - 4/(-34). Suppose -4*t = a*w - 3 - 85, -x*w + 84 = 2*t. What is the highest common factor of w and 10?
10
Let d(r) = 8*r**2 - 3*r + 2. Let g be d(-2). Calculate the highest common factor of 380 and g.
20
Suppose -7*f = -4*f + 15. Let x be (-656)/(-3) - f/15. Let r = -153 + x. Calculate the greatest common divisor of r and 44.
22
Suppose -m